et m be s(q). Give w(m).
2
Suppose -3*a + 3 = 2*q, -89*a + 91*a + 4*q - 10 = 0. Let v(y) = 14*y - 2. Determine v(a).
-16
Let c(o) = -o**3 - 8*o**2 + 8*o - 8. Let q(k) = -k**3 + 5*k**2 + 9*k + 9. Let w be q(5). Let j be 2/(-4) - (4 - w/(-12)). Calculate c(j).
1
Let v(o) = o**3 + 11*o**2 + 2*o + 16. Let l = -15 - -4. Determine v(l).
-6
Let c(u) = 4*u**2 + 3*u + 1. Let w be ((-1)/2)/((-15)/(-360)*-4). What is c(w)?
46
Let x(n) = -17*n - 21. Let z(h) = 12*h + 14. Let y(s) = 5*x(s) + 7*z(s). What is y(-3)?
-4
Let f(w) = 6 + 0*w - 1 + w. Let y(j) = -j**2 + 5*j + 2. Let p be y(5). Suppose 5*u + 6*v = 4*v - 36, p*v = -6. Give f(u).
-1
Let i = 16 - 26. Let r be (-3)/5 - (-4)/i. Let h(w) = 311*w**2 - 157*w**2 - 156*w**2 - 1. Determine h(r).
-3
Let b(c) = 12*c + 1. Let t(p) = 3*p - 2. Let a be t(2). Let m be (-1)/(2*(-2)/a). Let q be (1 - (-2 + m)) + -1. What is b(q)?
13
Let c(y) = y**2 + 8*y + 7. Let i(g) = -13*g - 44. Let s be i(-11). Let w = 93 - s. What is c(w)?
-5
Let d(q) = q**3 - 8*q**2 - 4*q - 3. Let j be d(9). Let w = j + 30. Let v be (-2)/(-12) - (-60)/w. Let u(l) = l. Calculate u(v).
1
Suppose -5*b - 2*v = -11 - 9, 20 = 5*b - 2*v. Let u(q) = 18*q - 1. Let a(x) = -22*x. Let l(n) = 3*a(n) + 4*u(n). What is l(b)?
20
Let q(b) = 5*b**2 - 3*b - 3*b + 0*b + b**3. Suppose -3*u = 18 - 6. Let y be ((-5)/2 - -1)/((-1)/u). Calculate q(y).
0
Let y = 13 + -4. Let s(h) = 11*h - 9 + 7*h + 11*h**3 - 13*h + 7*h**2. Let j(l) = 5*l**3 + 4*l**2 + 3*l - 5. Let p(z) = y*j(z) - 4*s(z). Determine p(-7).
-9
Let b(q) = q**2 + 3*q - 5. Suppose -4*v = -3*u - 4, -3*v + 0*u = -u - 3. Let s be (v - (-3 - -6)) + 7. Let j be (4/(-3))/(s/15). Calculate b(j).
-1
Let r(b) be the first derivative of -b**5/120 + b**4/12 + 10*b**3/3 - 10. Let k(o) be the third derivative of r(o). What is k(-6)?
8
Suppose 5*c + 14 = -6, -4*h = 4*c. Suppose y = -2*y - 9. Let t(i) = -4*i**2 + 8*i - 9. Let a(r) = -r**2 + r - 1. Let g(q) = y*a(q) + t(q). Give g(h).
-2
Let i(k) be the first derivative of -k**3/3 + 4*k**2 - 3*k - 93. Determine i(4).
13
Let i(s) = 34*s + 4*s**2 + s**2 - 9*s**2 + 6*s**2. Give i(-17).
0
Let c(f) = 6*f + 9. Let m(k) be the third derivative of 5*k**4/24 + 4*k**3/3 + 361*k**2. Suppose 12 = -j + 4*j. Let q(t) = j*c(t) - 5*m(t). Calculate q(4).
-8
Let d(z) = z + 5. Suppose 5*s + 55 = -5*m, 0*m - s = -4*m - 64. Let c = m - -19. Suppose c*a = 7*a - 12. Give d(a).
9
Let c = 244 + -246. Let n(m) = -2*m - 2. Let y(v) = -v - 1. Let k(l) = -n(l) + 3*y(l). Determine k(c).
1
Let j(r) = -r**2 + 4*r + 25. Let z be j(-4). Let h(y) = y**2 + 5*y - 14. Determine h(z).
0
Let i(c) be the second derivative of c**5/20 + c**3/6 + c**2 + c. Suppose -9 = -3*z + 3. Suppose 0 = 2*y + z, -3*q = 5*y + 15 + 1. Calculate i(q).
-8
Let b(u) be the first derivative of u**5/30 - u**4/12 + u**3/3 + 5*u**2/2 + 2. Let a(c) be the second derivative of b(c). Let h = -3 - -5. Give a(h).
6
Suppose -2*y + 0*y - 2 = -3*q, 0 = 5*q - 4*y. Let l be 0 - (q + 2 + -1). Let r(j) = -5*j - 1 - j**2 + 3*j**2 - 3*j**2 + 7. What is r(l)?
6
Let a(g) = 3 + 312*g + 328*g - 629*g. What is a(-2)?
-19
Let g(i) = 4 - 7*i - 4. Suppose 60 - 58 = 2*d. Determine g(d).
-7
Let u be 1/(6/(-24)) + 4/(-2). Let m(j) = -2*j + 6. Calculate m(u).
18
Let d(h) = h - 12. Let f(q) = 27*q**3 - 3*q**2 + 2*q - 1. Let i be f(1). Suppose -i = -12*t + 7*t. Give d(t).
-7
Let m(b) = 8*b**2 - 2*b - 2. Suppose 5*k + 25 = 5*w, 0*k = 5*w + 4*k - 7. Let j(t) = 9*t**2 - 2*t - 3. Let o(n) = w*j(n) - 4*m(n). Give o(1).
-4
Let k(j) be the third derivative of j**6/120 - 3*j**5/10 + j**4/24 - 3*j**3 - 99*j**2 - j. Calculate k(18).
0
Let m be 21 + 1 - (-5)/(4 + -9). Let r(p) = 8*p**2 + m - 17 - 10 + p**3 - p. Calculate r(-8).
2
Suppose 0 = -2*f - 3*c + 8 - 3, -5*c = 5. Let q(b) be the second derivative of -3/2*b**2 + 8*b + 1/12*b**f - 1/2*b**3 + 0. What is q(5)?
7
Let k be (-5)/(-2)*8/10. Let v(x) = 5*x - 1 + x**k - 11*x + 4. Let r be 1*4 - (10 + -10). Calculate v(r).
-5
Suppose 2*p - 126 = -19*p. Let h(l) = -l**2 + 7*l - 2. Calculate h(p).
4
Let i(j) = 1 - 4*j + 0 - 9*j. Suppose 4*v = 3*h - 1, 7*v - 6*v = 2*h - 4. What is i(v)?
-25
Let l(d) = -3*d**3 - 1 - 1 - 2*d + 2*d**3 + 4*d**2. Suppose -28*f - 11 = -4*k - 33*f, 0 = -3*k + f + 13. Calculate l(k).
-10
Let r be (80/80)/((-2)/4). Let z(b) = -3*b**2 - 4*b - 4. Determine z(r).
-8
Suppose 31*d - 8 = 32*d. Let n(i) = -i**2 - 10*i - 12. Determine n(d).
4
Let k(j) = j**3 + 1164 + 4*j - 1164 - 8*j**2 + 3*j**2. Determine k(3).
-6
Suppose 2*w = 4*t + 12 - 30, 2*w = -10. Let q(l) be the first derivative of -1/2*l**t + 4 + 1/3*l**3 - 1/4*l**4 - 9*l. Calculate q(0).
-9
Let z(t) = 4 - 8 + 151*t + 145*t - 291*t. Give z(-3).
-19
Let w(f) be the third derivative of -f**6/120 + f**5/60 - f**4/8 + f**3/6 - 1257*f**2. Suppose -2*m = -6*x + 3*x + 14, -4*x - 3*m - 4 = 0. Calculate w(x).
-9
Suppose 2*n - 3*n = -2. Let y(h) = -2*h - 2. Let p(c) = c**2 - c - 1. Let l(k) = -3*p(k) + y(k). Determine l(n).
-9
Let m(j) = -j + 11. Suppose 0*h - 2*h + 8 = 0, 6 = 2*n - 3*h. Let a be m(n). Let v(b) = -7*b - b**2 + 8*b + 4*b**a + 0*b**2. Calculate v(-1).
2
Let j(z) = -1 + 0 - 5*z**2 + z**3 - 5*z + 2 + 4. Let l(o) = 14*o + 61. Let f be l(-4). What is j(f)?
-20
Let f(c) = -8*c**3 + c**2 + 9*c + 1. Let o(v) = -13*v**3 + v**2 + 14*v + 2. Let h(y) = 8*f(y) - 5*o(y). Give h(-2).
-2
Let r(a) = -a + 4. Suppose -30 = 5*k - 2*j + 7*j, 3*k - 5*j = 22. Calculate r(k).
5
Let p(u) = -u + 2*u - 2*u + u**2 + 2*u + 7*u. Let q = -17 + 10. Give p(q).
-7
Let t be (-1 + 0)/(10/840). Let m = t + 88. Let i(u) = u**2 - u - 4. Determine i(m).
8
Let a(k) = -k**3 - 5*k**2 - 5*k. Let j be a(-4). Let n(d) be the first derivative of -1/2*d**2 - 14 + 5*d. What is n(j)?
1
Let s(u) = -2*u - 1 + 3 + u. Let i be 1/3*(12 + (-1 - 2)). Determine s(i).
-1
Let a(c) be the first derivative of 6*c - 1 - 3/2*c**2. Give a(5).
-9
Let r(s) = s**2 - 2*s - 3. Let u = -1 - -5. Suppose -3*z - 3 = 4*v, -z - 2*v - u = -1. Calculate r(z).
0
Let a(r) = r**3 - 21*r**2 + r - 27. Let l be a(21). Let z(x) = -x**3 - 6*x**2 + 7*x + 2. Calculate z(l).
-40
Let w(i) = 2*i + 1788 + 1782 - 3*i - 3566. Give w(5).
-1
Let i(u) = u - 14. Let h(g) = -5*g + 58. Let r(v) = 2*h(v) + 9*i(v). Let k(p) = 2*p + 1. Let n be k(-4). Calculate r(n).
-3
Let i(w) = -4*w**3 - 2*w**2 + 2*w - 1. Suppose -a = 5*v - 21, -3*v - 37 = -49. Determine i(a).
-5
Let a be (0 - (-5)/(-60))/((-3)/6). Let v(o) be the second derivative of 0 - 1/2*o**2 + 2*o - a*o**3 + 5/12*o**4. Determine v(-1).
5
Let c(x) = -x**3 - 19*x**2 - 90*x - 18. Let g be c(-8). Let b(z) be the first derivative of -z**2/2 - 2*z + 1. Calculate b(g).
0
Let x be ((-5)/10)/(1/2). Let b(k) = -k. Let v be b(x). Suppose -2*w + 3 = -v. Let m(c) = -4*c. Give m(w).
-8
Let b = -6 + 10. Let l(q) be the third derivative of q**4/24 - 4*q**3/3 - 5*q**2 - 110. Calculate l(b).
-4
Let k(a) = -a**2 - 14*a - 8. Let j = 666 + -681. Determine k(j).
-23
Let h(y) = y**3 + 6*y**2 + y - 2. Let l(c) = -c**2 + c. Let d(m) = -h(m) - 3*l(m). Let i be d(-2). Let s(o) = -o**3 + 5*o**2 + 6*o + 4. Calculate s(i).
4
Let n(s) = -9*s**3 - 2*s**2 + s + 1. Let x(v) = -36*v**3 - 7*v**2 + 3*v + 4. Let w(h) = 11*n(h) - 3*x(h). What is w(1)?
9
Let n(o) be the third derivative of 0 + 5/6*o**3 + 1/12*o**4 + 0*o - 5*o**2. What is n(-6)?
-7
Let t be ((-8)/5)/(-1*14/(-35)). Let d(g) = 2*g - 4. Give d(t).
-12
Let m(p) be the first derivative of -p**4/4 - 4*p**3/3 - p**2/2 + 2*p - 54. What is m(-4)?
6
Let t(j) = 2*j - 6. Suppose q - 83 = -4*c, -4*q + 68 = 2*c + 2*c. Let m = c - 6. Suppose 4*w = -0*w + m. Give t(w).
2
Suppose t = -0*t + 9. Let h = -4 + t. Suppose 4*l = b, -2*l - h*b + 22 = -0*l. Let n(a) = -7*a + 1. Determine n(l).
-6
Suppose -n + 2*w = 14, -5*w - 9 = 173*n - 170*n. Let k(f) = f**2 + 7*f + 6. Calculate k(n).
14
Suppose 3*o = -41 + 50. Let g(p) = -4*p - p - p + 3*p + p**2. Calculate g(o).
0
Let d(g) = -15 + 2*g**3 - 5*g**2 - g**3 - 17 - 2*g**2 + 34. Let j be (3 + -1)*7/2. Give d(j).
2
Let m(t) = 2*t**2 + 18*t + 3. Let z(x) = x**2 - 5*x - 15. Let h be z(6). Give m(h).
3
Let b(d) = d**2 - 7*d + 5. Let i(x) = 0 + x + 10 + 269*x**3 - 270*x**3 - 5*x**2. Let k be i(-5). Give b(k).
-5
Let z be (-160)/(-280) - (-53)/(-7). Let t(v) = -v. Give t(z).
7
Let g be 7/3*(16 - 13). Let a(y) = -y**2 + 11*y - 4. Give a(g).
24
Le